e the greatest common divisor of n and 3.
3
Let n be 11/(-44) + (-178)/(-8). What is the highest common factor of n and 2?
2
Suppose 10 = 5*g, 5*m = 3*m - g + 274. Suppose -356 = -4*l - m. Calculate the highest common factor of 22 and l.
11
Suppose 2*v + 4*b - 396 = -80, -2*v - 3*b = -313. Calculate the highest common divisor of v and 19.
19
Suppose 0 = -0*m - 4*m + 832. What is the highest common factor of 26 and m?
26
Suppose 3*a - 1 = 5. Suppose 4*k - 28 = -a*t, 0*k - 2*k = 4*t - 26. Suppose -t = -z + 32. Calculate the highest common factor of z and 12.
12
Let b = -9 + 17. Let f be 2108/24 - (-2)/12. Calculate the greatest common divisor of f and b.
8
Let d = -24 - -35. Calculate the highest common divisor of d and 33.
11
Suppose -38 = -3*n - 2. What is the highest common factor of 96 and n?
12
Suppose -2*v = -3*x + 7 + 9, x - 2*v - 4 = 0. What is the greatest common factor of x and 24?
6
Suppose -y + 278 = 35. What is the greatest common factor of y and 27?
27
Let i = 54 + 6. Suppose 4*u = -u + c + 63, -u + 2*c = -18. Calculate the highest common factor of i and u.
12
Let z(q) = -q**3 + 6*q**2 - 6*q + 2. Let b be z(4). Let m = b - -17. Calculate the highest common factor of m and 9.
9
Let z be 5 - 18/(3 - 4). Calculate the highest common divisor of 69 and z.
23
Suppose -68 = p - 5*p. Let i = 29 - p. Calculate the highest common factor of 84 and i.
12
Suppose 2*u - 57 = -5*t, 2*u - 44 = -4*t - 0*u. Let w be (-1 + 3)/(12/78). What is the highest common factor of t and w?
13
Suppose -3 = -b + 17. Calculate the highest common divisor of 8 and b.
4
Let x = 31 + -10. Suppose -5*n + 0*n = -315. Calculate the highest common divisor of n and x.
21
Let i = 6 + 1. Let x = -3 - i. Let c be 1*x*(-3)/6. What is the highest common factor of 20 and c?
5
Let g be (40/(-12) - -2)*-6. Let z(l) = 3*l - 3 - 2*l + 6. Let p be z(g). Calculate the highest common divisor of 1 and p.
1
Let d(q) = -25*q + 8. Let z be d(-4). Let c(n) = -n**2 + 39. Let b be c(0). Let s be (1 - b/21)*-14. What is the greatest common divisor of s and z?
12
Let i be -3*(4/(-6) + 0). What is the greatest common factor of 18 and i?
2
Suppose -x = y - 5*x - 31, -2*x + 52 = 4*y. Suppose -13 + 3 = -v. Calculate the greatest common divisor of y and v.
5
Suppose t = 5*t - 416. Let m = -60 + t. Let f be ((-154)/21)/((-2)/6). What is the highest common divisor of m and f?
22
Let j(s) = -s**2 - 20*s + 20. Let m be j(-16). Calculate the greatest common divisor of 21 and m.
21
Suppose -20 = 6*g + 22. Let a = 20 + g. Calculate the highest common factor of a and 13.
13
Suppose l - 6*l = 4*n - 150, 4*n + 3*l - 146 = 0. Suppose 5*g - 2*o - 4 - 15 = 0, -5*g + 31 = 2*o. What is the greatest common factor of g and n?
5
Suppose 2*k + 0*k = 6. Let j = 14 - k. Suppose 8*g - 10*g = -110. Calculate the greatest common factor of g and j.
11
Suppose 7*c = 4*c. Suppose 4*o = -0*o + 12. Suppose -4*y - 12 = c, -o*j + 24 = -0*y + 4*y. What is the greatest common divisor of 3 and j?
3
Let a(h) = 3*h**2 + 7*h. Let k be a(-5). Suppose 6*o - 41 - 7 = 0. What is the greatest common factor of k and o?
8
Suppose -b - 16 = b. Let r = -8 - b. Suppose p + 3*w - 120 = r, -w + 2 = -3. Calculate the greatest common divisor of p and 42.
21
Suppose 2 = -2*p + 22. Calculate the greatest common factor of p and 40.
10
Let k(f) = -6*f - 2. Let o be k(-6). Suppose -5*s = -0*s + 20. Let y = 13 - s. What is the highest common divisor of y and o?
17
Let u be (-3)/(2 + 0 + -3). Suppose 0 = -2*i - 0*i + 2. Suppose -3*b = i - 4. What is the highest common factor of b and u?
1
Let a(q) be the first derivative of -q**4/4 + 11*q**3/3 + 11*q**2/2 + 14*q + 2. Let w be a(12). What is the greatest common factor of w and 6?
2
Suppose -3*t - 10 = -8*t. Suppose 4*l - 20 - 16 = 0. Let p be l - t/(-2 - 0). What is the greatest common divisor of 50 and p?
10
Suppose -x + 1 = s, 2*s - 5*x = 6*s - 1. What is the greatest common divisor of s and 4?
4
Let o(d) = 6*d + 39. Let z be o(0). What is the greatest common divisor of 13 and z?
13
Suppose 0 = 3*i + g - 859, -1429 = -5*i - 0*i - g. Suppose 2*l = 5*l - i. Calculate the greatest common divisor of l and 38.
19
Let t = -50 + 71. Calculate the greatest common factor of t and 168.
21
Let a(x) = -x**3 - 6*x**2 + 5*x - 6. Let b be a(-7). Calculate the greatest common factor of b and 20.
4
Let n(w) be the second derivative of 2*w**3/3 - 3*w**2 + w. Let l be n(5). What is the highest common divisor of 14 and l?
14
Let l(q) = 2*q**2 - 17*q + 20. Let h(p) = p**2 - 11*p + 13. Let z(u) = -8*h(u) + 5*l(u). Let w be z(4). Calculate the greatest common divisor of 5 and w.
5
Let c = 1 - -3. Suppose c*j - 18 - 62 = -3*s, -2*j + 50 = 4*s. Suppose 4*k - j + 1 = 0. Calculate the greatest common divisor of k and 4.
4
Let w be -1*((-1)/(-1) - 8). Let i = -19 + 11. Let d = 22 + i. What is the greatest common divisor of d and w?
7
Let c(k) = -2*k - 1. Let t be c(-8). Suppose -g = -s - 4, g = 2*s - 0*s + 5. Calculate the greatest common divisor of t and g.
3
Suppose 0 = q - 0*q - 4. What is the greatest common factor of 36 and q?
4
Suppose 4*j - j = -h + 12, 0 = -2*j. Let y = 142 - 34. What is the greatest common factor of h and y?
12
Let b = 3 - 1. Let k be ((-6)/8)/(1/(-4)). What is the highest common divisor of k and b?
1
Let k = 118 + -71. Calculate the greatest common divisor of 423 and k.
47
Let d(v) = -v + 1. Let s(w) = 3*w - 3. Let r = -5 + 2. Let b(x) = r*s(x) - 5*d(x). Let n be b(-5). Calculate the greatest common factor of 8 and n.
8
Suppose 2*s - 7*c = -3*c, -5*c = 3*s - 11. What is the highest common divisor of s and 64?
2
Let k be ((-6)/(-2) - 3) + 32. Let a = -23 + k. Calculate the greatest common factor of 81 and a.
9
Suppose 80 = -2*p + 354. Let c = p + -89. Let a be 1*-1 + (26 - 1). Calculate the greatest common factor of a and c.
24
Let w(t) = -4*t**2 + 13*t + 13. Let j be w(3). Let y = -155 + 267. What is the highest common divisor of j and y?
16
Suppose 2*l = 5*n + 295, 0*n = -2*l - 2*n + 288. Let s be -1 + 1 + -1 + l. Suppose 0 = -3*c - c + s. Calculate the greatest common divisor of 24 and c.
12
Suppose 0 = -o - 2*l + 10, -8*l = -2*o - 4*l + 4. Calculate the highest common factor of o and 15.
3
Let k = -136 - -151. Let f be 0 - -120*(0 - -1). Calculate the greatest common divisor of f and k.
15
Let w = -3 - -8. Let f = -4 + w. Suppose 0 = 3*v + 2*v - 35. What is the highest common divisor of v and f?
1
Let y(u) be the third derivative of -65*u**4/24 + 2*u**2. Let l be y(-1). Suppose -18 = -o - 5. What is the greatest common divisor of o and l?
13
Suppose -4*h + 0 = -16. Suppose -2*g - b + 24 = 3*b, 4*b = h*g - 84. Let l(w) = -10*w - 1. Let d be l(-1). What is the highest common divisor of g and d?
9
Let q(b) = b**2 + 5*b. Let t be q(-6). Let u(g) = -g**2 + 12*g + 6. Let n be u(t). Calculate the greatest common factor of 63 and n.
21
Suppose 4*b - 26 = -l, 2*b - 17 = -l + 17. What is the highest common factor of 28 and l?
14
Suppose -3*j - a = -10, j - a - 2 - 8 = 0. Suppose 2*c = 0, j*c - 89 = 2*d - 249. Let q = -7 + 39. Calculate the greatest common factor of q and d.
16
Let l(d) = -4*d - 3. Suppose 4*r + 10 = -r. Let k be l(r). Suppose 3*m = -2*u + 25, -m + u - 10 = -2*m. What is the greatest common divisor of m and k?
5
Let x be 8/14 + 206/7. Calculate the highest common divisor of x and 45.
15
Suppose 192 = 4*l - 3*h, -3*h = l - h - 48. Let y(p) = p - 2. Let t be y(8). What is the highest common factor of t and l?
6
Let j = -13 + 15. Let y = -16 - -22. What is the highest common factor of y and j?
2
Let r(c) = -c**2 + 4*c + 2. Let g be r(4). Suppose 5*y - g*t = t + 363, -y + 59 = -4*t. Suppose 25 = 2*k - y. Calculate the highest common factor of 25 and k.
25
Let u(a) = -3*a**3 + 4*a**2 + 4*a - 1. Let k be u(-3). Suppose -2 = c, -c - k - 66 = 2*s. Let n = s + 139. What is the highest common divisor of n and 11?
11
Let f be (-69056)/(-288) + (-3)/(27/(-2)). Calculate the highest common divisor of 30 and f.
30
Let g be (-35)/4 + 5/(-20). Let z(s) = s**3 + 8*s**2 - 11*s - 5. Let r be z(g). What is the highest common divisor of 13 and r?
13
Suppose 6*t + 2 - 20 = 0. Suppose t*g - 14 = 16. Let z(d) = 19*d - 5. Let i be z(5). Calculate the highest common divisor of g and i.
10
Let d be 2 + 482*(-1)/(-2). 